by 27.
20
Calculate the remainder when 415 is divided by 86.
71
What is the remainder when 2609 is divided by 105?
89
What is the remainder when 73 is divided by 46?
27
What is the remainder when 21 is divided by 5?
1
Calculate the remainder when 1527 is divided by 9.
6
What is the remainder when 1111 is divided by 16?
7
Calculate the remainder when 2821 is divided by 166.
165
What is the remainder when 1061 is divided by 38?
35
Calculate the remainder when 198 is divided by 40.
38
Calculate the remainder when 32 is divided by 29.
3
Calculate the remainder when 127 is divided by 17.
8
What is the remainder when 5076 is divided by 5064?
12
What is the remainder when 11678 is divided by 28?
2
Calculate the remainder when 1517 is divided by 302.
7
Calculate the remainder when 1550 is divided by 16.
14
What is the remainder when 107 is divided by 60?
47
What is the remainder when 1263 is divided by 178?
17
What is the remainder when 2140 is divided by 51?
49
What is the remainder when 118 is divided by 94?
24
What is the remainder when 88 is divided by 34?
20
What is the remainder when 5427 is divided by 61?
59
What is the remainder when 583 is divided by 148?
139
What is the remainder when 84 is divided by 43?
41
Calculate the remainder when 208 is divided by 140.
68
What is the remainder when 1918 is divided by 26?
20
What is the remainder when 127 is divided by 3?
1
What is the remainder when 1750 is divided by 293?
285
What is the remainder when 325 is divided by 109?
107
What is the remainder when 125 is divided by 81?
44
What is the remainder when 41 is divided by 35?
6
What is the remainder when 822 is divided by 33?
30
What is the remainder when 14190 is divided by 83?
80
What is the remainder when 4102 is divided by 19?
17
What is the remainder when 212 is divided by 5?
2
Calculate the remainder when 1729 is divided by 142.
25
Calculate the remainder when 7872 is divided by 25.
22
What is the remainder when 10559 is divided by 176?
175
What is the remainder when 44 is divided by 24?
20
Calculate the remainder when 320 is divided by 135.
50
What is the remainder when 78 is divided by 22?
12
Calculate the remainder when 273 is divided by 31.
25
Calculate the remainder when 555 is divided by 28.
23
Calculate the remainder when 197 is divided by 10.
7
What is the remainder when 72 is divided by 16?
8
What is the remainder when 1918 is divided by 19?
18
What is the remainder when 258 is divided by 33?
27
What is the remainder when 439 is divided by 49?
47
What is the remainder when 102 is divided by 26?
24
Calculate the remainder when 1002 is divided by 342.
318
What is the remainder when 91 is divided by 14?
7
Calculate the remainder when 201 is divided by 34.
31
Calculate the remainder when 174 is divided by 14.
6
Calculate the remainder when 16611 is divided by 213.
210
What is the remainder when 325 is divided by 22?
17
What is the remainder when 2856 is divided by 571?
1
Calculate the remainder when 124 is divided by 32.
28
What is the remainder when 47 is divided by 6?
5
Calculate the remainder when 245 is divided by 66.
47
Calculate the remainder when 791 is divided by 774.
17
Calculate the remainder when 164 is divided by 37.
16
What is the remainder when 116 is divided by 35?
11
Calculate the remainder when 492 is divided by 17.
16
Calculate the remainder when 287 is divided by 14.
7
Calculate the remainder when 466 is divided by 89.
21
What is the remainder when 191 is divided by 37?
6
What is the remainder when 545 is divided by 327?
218
Calculate the remainder when 8916 is divided by 49.
47
Calculate the remainder when 1110 is divided by 1110.
0
Calculate the remainder when 27597 is divided by 13.
11
What is the remainder when 725 is divided by 173?
33
What is the remainder when 5917 is divided by 37?
34
What is the remainder when 1740 is divided by 88?
68
What is the remainder when 8644 is divided by 19?
18
What is the remainder when 936 is divided by 935?
1
Calculate the remainder when 59 is divided by 44.
15
Calculate the remainder when 15 is divided by 8.
7
What is the remainder when 1940 is divided by 1931?
9
What is the remainder when 2992 is divided by 73?
72
What is the remainder when 1575 is divided by 19?
17
What is the remainder when 138 is divided by 12?
6
What is the remainder when 238 is divided by 30?
28
Calculate the remainder when 1100 is divided by 12.
8
What is the remainder when 933 is divided by 459?
15
What is the remainder when 35 is divided by 21?
14
What is the remainder when 2155 is divided by 270?
265
Calculate the remainder when 260 is divided by 21.
8
What is the remainder when 419 is divided by 47?
43
Calculate the remainder when 1800 is divided by 599.
3
Calculate the remainder when 68 is divided by 29.
10
What is the remainder when 161 is divided by 27?
26
What is the remainder when 3721 is divided by 73?
71
What is the remainder when 108 is divided by 40?
28
Calculate the remainder when 1356 is divided by 286.
212
What is the remainder when 1557 is divided by 8?
5
Calculate the remainder when 47 is divided by 19.
9
What is the remainder when 241 is divided by 86?
69
What is the remainder when 5822 is divided by 13?
11
Calculate the remainder when 8439 is divided by 18.
15
Calculate the remainder when 1129 is divided by 339.
112
Calculate the remainder when 578 is divided by 571.
7
What is the remainder when 146 is divided by 142?
4
Calculate the remainder when 41948 is divided by 79.
78
Calculate the remainder when 895 is divided by 128.
127
Calculate the remainder when 680 is divided by 37.
14
Calculate the remainder when 202 is divided by 120.
82
What is the remainder when 2388 is divided by 19?
13
Calculate the remainder when 4684 is divided by 11.
9
What is the remainder when 201 is divided by 19?
11
What is the remainder when 561 is divided by 40?
1
Calculate the remainder when 57 is divided by 15.
12
Calculate the remainder when 334 is divided by 67.
66
What is the remainder when 125 is divided by 30?
5
What is the remainder when 95 is divided by 23?
3
Calculate the remainder when 297 is divided by 23.
21
Calculate the remainder when 12506 is divided by 28.
18
Calculate the remainder when 8078 is divided by 16.
14
Calculate the remainder when 305 is divided by 290.
15
What is the remainder when 328 is divided by 11?
9
Calculate the remainder when 1238 is divided by 124.
122
What is the remainder when 477 is divided by 34?
1
Calculate the remainder when 850 is divided by 39.
31
What is the remainder when 246 is divided by 39?
12
What is the remainder when 1224 is divided by 15?
9
What is the remainder when 704 is divided by 47?
46
Calculate the remainder when 1578 is divided by 387.
30
What is the remainder when 208 is divided by 208?
0
Calculate the remainder when 338 is divided by 11.
8
What is the remainder when 45 is divided by 14?
3
Calculate the remainder when 233 is divided by 102.
29
What is the remainder when 66 is divided by 21?
3
Calculate the remainder when 105 is divided by 43.
19
Calculate the remainder when 490 is divided by 71.
64
Calculate the remainder when 540 is divided by 24.
12
What is the remainder when 1641 is divided by 543?
12
Calculate the remainder when 2031 is divided by 81.
6
What is the remainder when 99 is divided by 18?
9
Calculate the remainder when 4187 is divided by 4165.
22
Calculate the remainder when 228 is divided by 46.
44
What is the remainder when 1241 is divided by 29?
23
What is the remainder when 77 is divided by 17?
9
Calculate the remainder when 39 is divided by 5.
4
What is the remainder when 33 is divided by 12?
9
Calculate the remainder when 775 is divided by 162.
127
What is the remainder when 192 is divided by 14?
10
Calculate the remainder when 1219 is divided by 10.
9
Calculate the remainder when 937 is divided by 86.
77
Calculate the remainder when 84 is divided by 29.
26
What is the remainder when 1131 is divided by 63?
60
What is the remainder when 3270 is divided by 113?
106
What is the remainder when 62 is divided by 17?
11
Calculate the remainder when 1857 is divided by 12.
9
Calculate the remainder when 7108 is divided by 1183.
10
What is the remainder when 1106 is divided by 259?
70
What is the remainder when 1451 is divided by